{"id":267,"date":"2025-06-02T19:41:23","date_gmt":"2025-06-02T19:41:23","guid":{"rendered":"https:\/\/salidadelsol.net\/hunde\/?page_id=267"},"modified":"2025-10-13T13:15:46","modified_gmt":"2025-10-13T13:15:46","slug":"rtc-ch-cac-clubschau-balsthal-2025","status":"publish","type":"page","link":"https:\/\/wl26www392.webland.ch\/hunde\/rtc-ch-cac-clubschau-balsthal-2025\/","title":{"rendered":"RTC-CH CAC Clubschau Balsthal 2025"},"content":{"rendered":"\n<p><\/p>\n\n\n\n<div class=\"wp-block-columns is-layout-flex wp-container-core-columns-is-layout-9d6595d7 wp-block-columns-is-layout-flex\">\n<div class=\"wp-block-column is-layout-flow wp-block-column-is-layout-flow\">\n<p><\/p>\n\n\n<div class=\"wp-block-image\">\n<figure class=\"alignright size-large is-resized\"><img loading=\"lazy\" decoding=\"async\" width=\"1024\" height=\"378\" src=\"https:\/\/wl26www392.webland.ch\/hunde\/wp-content\/uploads\/2025\/10\/royalcanin-1024x378.jpg\" alt=\"\" class=\"wp-image-355\" style=\"width:158px;height:auto\" srcset=\"https:\/\/wl26www392.webland.ch\/hunde\/wp-content\/uploads\/2025\/10\/royalcanin-1024x378.jpg 1024w, https:\/\/wl26www392.webland.ch\/hunde\/wp-content\/uploads\/2025\/10\/royalcanin-300x111.jpg 300w, https:\/\/wl26www392.webland.ch\/hunde\/wp-content\/uploads\/2025\/10\/royalcanin-768x284.jpg 768w, https:\/\/wl26www392.webland.ch\/hunde\/wp-content\/uploads\/2025\/10\/royalcanin-1536x568.jpg 1536w, https:\/\/wl26www392.webland.ch\/hunde\/wp-content\/uploads\/2025\/10\/royalcanin-2048x757.jpg 2048w\" sizes=\"auto, (max-width: 1024px) 100vw, 1024px\" \/><\/figure>\n<\/div><\/div>\n\n\n\n<div class=\"wp-block-column is-layout-flow wp-block-column-is-layout-flow\"><div class=\"wp-block-image\">\n<figure class=\"aligncenter size-full\"><img loading=\"lazy\" decoding=\"async\" width=\"200\" height=\"172\" src=\"https:\/\/wl26www392.webland.ch\/hunde\/wp-content\/uploads\/2020\/09\/logo_rtc.jpg\" alt=\"\" class=\"wp-image-66\"\/><\/figure>\n<\/div><\/div>\n\n\n\n<div class=\"wp-block-column is-layout-flow wp-block-column-is-layout-flow\">\n<p><\/p>\n\n\n\n<figure class=\"wp-block-image size-full is-resized\"><img loading=\"lazy\" decoding=\"async\" width=\"591\" height=\"315\" src=\"https:\/\/wl26www392.webland.ch\/hunde\/wp-content\/uploads\/2025\/10\/kyli_Logo.png\" alt=\"\" class=\"wp-image-380\" style=\"width:191px;height:auto\" srcset=\"https:\/\/wl26www392.webland.ch\/hunde\/wp-content\/uploads\/2025\/10\/kyli_Logo.png 591w, https:\/\/wl26www392.webland.ch\/hunde\/wp-content\/uploads\/2025\/10\/kyli_Logo-300x160.png 300w\" sizes=\"auto, (max-width: 591px) 100vw, 591px\" \/><\/figure>\n<\/div>\n<\/div>\n\n\n\n<p>Dieses Jahr findet wieder eine Clubschau mit unseren beiden Rassen in Balsthal statt:<\/p>\n\n\n\n<ul class=\"wp-block-list\">\n<li>Jack Russell Terrier<\/li>\n\n\n\n<li>Parson Russell Terrier<\/li>\n<\/ul>\n\n\n\n<p>Die Veranstaltung wird durch den Russell Terrier Club (<a href=\"http:\/\/www.rtc-ch.ch\" target=\"_blank\" rel=\"noreferrer noopener\">www.rtc-ch.ch<\/a>) durchgef\u00fchrt und findet am <strong>SONNTAG<\/strong> <strong>12.10.2025<\/strong> in Balsthal (Thalstrasse 49, Halle bei SKG Hauptsitz) statt.<\/p>\n\n\n\n<p><strong>Ergebnisse:<\/strong><\/p>\n\n\n\n<div class=\"wp-block-file\"><a id=\"wp-block-file--media-8fc3d178-9a8c-44e0-bc37-bdaae9deb805\" href=\"https:\/\/wl26www392.webland.ch\/hunde\/wp-content\/uploads\/2025\/10\/Resultate_CAC_2025.pdf\" target=\"_blank\" rel=\"noreferrer noopener\">Resultate_CAC_2025<\/a><a href=\"https:\/\/wl26www392.webland.ch\/hunde\/wp-content\/uploads\/2025\/10\/Resultate_CAC_2025.pdf\" class=\"wp-block-file__button wp-element-button\" download aria-describedby=\"wp-block-file--media-8fc3d178-9a8c-44e0-bc37-bdaae9deb805\">Herunterladen<\/a><\/div>\n\n\n\n<div class=\"wp-block-file\"><a id=\"wp-block-file--media-e0ffe9cc-700c-46ef-ab93-e1d5a7856546\" href=\"https:\/\/wl26www392.webland.ch\/hunde\/wp-content\/uploads\/2025\/10\/JackRussellFlipCHart_2025-1.pdf\" target=\"_blank\" rel=\"noreferrer noopener\">JackRussellFlipCHart_2025<\/a><a href=\"https:\/\/wl26www392.webland.ch\/hunde\/wp-content\/uploads\/2025\/10\/JackRussellFlipCHart_2025-1.pdf\" class=\"wp-block-file__button wp-element-button\" download aria-describedby=\"wp-block-file--media-e0ffe9cc-700c-46ef-ab93-e1d5a7856546\">Herunterladen<\/a><\/div>\n\n\n\n<div class=\"wp-block-file\"><a id=\"wp-block-file--media-31f432d6-2c95-4373-b7ef-7bc054d28c4c\" href=\"https:\/\/wl26www392.webland.ch\/hunde\/wp-content\/uploads\/2025\/10\/ParsonRusselFlipCHart_2025.pdf\" target=\"_blank\" rel=\"noreferrer noopener\">ParsonRusselFlipCHart_2025<\/a><a href=\"https:\/\/wl26www392.webland.ch\/hunde\/wp-content\/uploads\/2025\/10\/ParsonRusselFlipCHart_2025.pdf\" class=\"wp-block-file__button wp-element-button\" download aria-describedby=\"wp-block-file--media-31f432d6-2c95-4373-b7ef-7bc054d28c4c\">Herunterladen<\/a><\/div>\n\n\n\n<p><br><strong>Katalog:<\/strong><\/p>\n\n\n\n<div class=\"wp-block-file\"><a id=\"wp-block-file--media-b91b155d-e597-4cf3-a4bf-27bfd533c6e4\" href=\"https:\/\/wl26www392.webland.ch\/hunde\/wp-content\/uploads\/2025\/10\/RTC-CH-Clubschau_2025-Katalog-1.pdf\" target=\"_blank\" rel=\"noreferrer noopener\">RTC-CH-Clubschau_2025-Katalog<\/a><a href=\"https:\/\/wl26www392.webland.ch\/hunde\/wp-content\/uploads\/2025\/10\/RTC-CH-Clubschau_2025-Katalog-1.pdf\" class=\"wp-block-file__button wp-element-button\" download aria-describedby=\"wp-block-file--media-b91b155d-e597-4cf3-a4bf-27bfd533c6e4\">Herunterladen<\/a><\/div>\n\n\n\n<div class=\"wp-block-file\"><a id=\"wp-block-file--media-1d671d9a-5df9-4a17-ba7d-9083e29ebb35\" href=\"https:\/\/wl26www392.webland.ch\/hunde\/wp-content\/uploads\/2025\/06\/clubschau.jpg\" target=\"_blank\" rel=\"noreferrer noopener\">Flyer Clubschau 2025<\/a><a href=\"https:\/\/wl26www392.webland.ch\/hunde\/wp-content\/uploads\/2025\/06\/clubschau.jpg\" class=\"wp-block-file__button wp-element-button\" download aria-describedby=\"wp-block-file--media-1d671d9a-5df9-4a17-ba7d-9083e29ebb35\">Herunterladen<\/a><\/div>\n\n\n\n<p class=\"has-medium-font-size\"><strong>Zeitplan:<\/strong><\/p>\n\n\n\n<p><strong>09:00<\/strong>  Einlass der Hunde, aufschaltung Katalog<br><strong>10:00<\/strong>  Beginn des Richtens Jack Russell Terrier<br>anschliessend werden die Parson Russell Terrier gerichtet<br><\/p>\n\n\n\n<p class=\"has-medium-font-size\"><strong>Festwirtschaft<\/strong>:<\/p>\n\n\n\n<p>Gerne k\u00f6nnen Sie sich in der Festwirtschaft verk\u00f6stigen.<\/p>\n\n\n\n<p><\/p>\n\n\n\n<p><\/p>\n\n\n\n<p><\/p>\n\n\n\n<p>Die Anmeldegeb\u00fchr muss auf folgendes Konto \u00fcberwiesen werden, damit die Anmeldung g\u00fcltig ist:<br>IBAN:&nbsp;<strong>CH18 0900 0000 6000 9730 6<\/strong><br>Inhaber: <strong>Russell Terrier Club Schweiz \/ RTC-CH, 4535 Hubersdorf<\/strong><\/p>\n\n\n\n<p class=\"has-black-color has-text-color has-link-color wp-elements-387c5044bcb91f5b2561bb95da46be03\">Sie erhalten innert 24h nach der Anmeldung eine Best\u00e4tigung mit einem Einzahlungsschein per eMail. <br><br>Bitte geben Sie die Namen der Hunde bei der Zahlung an, besten Dank.<br><\/p>\n\n\n\n<p class=\"has-text-color has-link-color wp-elements-5553ade2d8e95a02b57a62788bb29700\" style=\"color:#f70d0d\"><strong>Der Meldeschluss ist abgelaufen. es k\u00f6nnen keine Hunde mehr angemeldet werden.<\/strong><\/p>\n\n\n\n<p><\/p>\n","protected":false},"excerpt":{"rendered":"<p>Dieses Jahr findet wieder eine Clubschau mit unseren beiden Rassen in Balsthal statt: Die Veranstaltung wird durch den Russell Terrier Club (www.rtc-ch.ch) durchgef\u00fchrt und findet am SONNTAG 12.10.2025 in Balsthal [&hellip;]<\/p>\n","protected":false},"author":2,"featured_media":0,"parent":0,"menu_order":0,"comment_status":"closed","ping_status":"closed","template":"","meta":{"footnotes":""},"class_list":["post-267","page","type-page","status-publish","hentry"],"_links":{"self":[{"href":"https:\/\/wl26www392.webland.ch\/hunde\/wp-json\/wp\/v2\/pages\/267","targetHints":{"allow":["GET"]}}],"collection":[{"href":"https:\/\/wl26www392.webland.ch\/hunde\/wp-json\/wp\/v2\/pages"}],"about":[{"href":"https:\/\/wl26www392.webland.ch\/hunde\/wp-json\/wp\/v2\/types\/page"}],"author":[{"embeddable":true,"href":"https:\/\/wl26www392.webland.ch\/hunde\/wp-json\/wp\/v2\/users\/2"}],"replies":[{"embeddable":true,"href":"https:\/\/wl26www392.webland.ch\/hunde\/wp-json\/wp\/v2\/comments?post=267"}],"version-history":[{"count":17,"href":"https:\/\/wl26www392.webland.ch\/hunde\/wp-json\/wp\/v2\/pages\/267\/revisions"}],"predecessor-version":[{"id":383,"href":"https:\/\/wl26www392.webland.ch\/hunde\/wp-json\/wp\/v2\/pages\/267\/revisions\/383"}],"wp:attachment":[{"href":"https:\/\/wl26www392.webland.ch\/hunde\/wp-json\/wp\/v2\/media?parent=267"}],"curies":[{"name":"wp","href":"https:\/\/api.w.org\/{rel}","templated":true}]}}